uppose -98 = -3*k - 65. Suppose -5*r - k = -f, r - 3*f = -6 + 15. What are the prime factors of (-2 - r) + -3 - -133?
131
Suppose 6*l - l + h - 5823 = 0, -4*l = 2*h - 4656. What are the prime factors of l?
5, 233
Let t(w) = -9 - 16*w + 6*w - 9. Let h be t(-6). List the prime factors of (-24)/h + 214/7.
2, 3, 5
Let k = 12 - 5. Suppose -3*u + 4*a - 14 = 0, -5*u + 8 = a - k. Suppose 0 = 4*n + u*h - 108, n + h - 3*h = 37. List the prime factors of n.
29
Let r = 37 + 13733. Suppose 0 = -28*y + 5886 + r. List the prime factors of y.
2, 3, 13
Suppose -286188 = 515*p - 527*p. List the prime factors of p.
7, 3407
Let c be -7 + 4 - (-2 + -306). Suppose 3*j + c = 4*j. List the prime factors of j.
5, 61
Suppose 5*s = -3*i + 33169, -66*i + 68*i + 5*s = 22121. List the prime factors of i.
2, 1381
Suppose 30 = -0*b + 15*b. Suppose -b*r - 1376 = 2*r. Let m = 530 + r. List the prime factors of m.
2, 3, 31
Suppose -7*y = -3*y - 4. Let i be y + (-2)/4 - 6/12. Suppose 0*h + 3*a - 5 = h, h - 5*a + 13 = i. What are the prime factors of h?
7
Suppose 0 = -3*r - 2*j + 32, r - 4*j = 5*r - 40. Let p = -34 + r. List the prime factors of 14/(-3 + p/(-6)).
3, 7
Suppose 3*v + 631 = -v + j, -5*j = 2*v + 343. Let x = v - -318. Suppose -x = -2*f + f. List the prime factors of f.
3, 53
Suppose -7*x - 45 = -2*x. Let g(w) = -12*w - 18. Let o be g(x). Suppose -2*f = f - 9, s - o = -f. List the prime factors of s.
3, 29
Let a be (5 - (6 - 4)) + -2 - -3. Let h(y) = -4 - 9 + 4 + 5*y + 3 + 5*y**2. List the prime factors of h(a).
2, 47
Suppose -l + 692 = -2*j, 3*l = -5*j - 189 + 2254. Let t = 1064 - l. List the prime factors of t.
2, 11, 17
List the prime factors of (-5312)/498*1*6/(-2)*1294.
2, 647
Let j = 1716 + -685. Suppose -2*c + 11*u - 6*u + 519 = 0, -4*c + j = -3*u. What are the prime factors of c?
257
Let p = 684 - 418. Let a = p + -49. Let x = -134 + a. What are the prime factors of x?
83
Let u = -4426 - -4905. List the prime factors of u.
479
Suppose 14*f - 19*f + 750 = 0. Suppose 0 = i + 2*i - 309. Let t = f - i. List the prime factors of t.
47
Let n(s) = -s**3 - 4*s**2 + 9*s - 17. Let z be n(-6). Let y(w) = 470*w**2 + 2. List the prime factors of y(z).
2, 59
Let o = -2 + 6. Suppose a - 4*a = j - 5, j + o = 0. Suppose 4*d = 5*q + 682, a*d - 5*q - 346 = d. What are the prime factors of d?
2, 3, 7
Let x = -237 - -432. Suppose -21 - x = -9*m. List the prime factors of m.
2, 3
Let c = 64715 + -35509. What are the prime factors of c?
2, 17, 859
Suppose 13*p + 4277 = -5629. Let b = p - -1289. What are the prime factors of b?
17, 31
Let c(k) = -25*k**3 - 538*k**2 + 16*k - 38. What are the prime factors of c(-22)?
2, 3, 7, 43
Suppose 525320 = 77*j - 722927. What are the prime factors of j?
13, 29, 43
Let q(n) = -6*n**2 - 876*n - 702. What are the prime factors of q(-120)?
2, 3, 7, 11, 13
List the prime factors of ((-12083)/2)/(18 - 148/8).
43, 281
Suppose i - 19 = 3*l, -6*l - 21 = i - l. Suppose 0 = 4*y - 0*y + 3*r + 51, i*y + 5*r = -61. What are the prime factors of 159/9 - (39/y - -4)?
2, 3
Let f(a) = a**3 + a**2 + 2*a + 60. Let z be f(0). Let o = -58 + z. What are the prime factors of o/(-4) + 204/(-8)*-9?
229
Suppose -2*d = 4*q + 26, 3*q - 1 = 4*q - 5*d. Let r(l) = -l**3 - 4*l - 13. What are the prime factors of r(q)?
227
Let u(b) = 13*b**2 - 4*b - 1. Let m be u(1). Suppose 2*s = -m, 4*p - 1016 = 2*s + 12. What are the prime factors of p?
3, 5, 17
Let s(l) = 5*l**3 + 8*l**2 + 2*l - 14. Let h(k) = k**3 + k. Let t(j) = -4*h(j) + s(j). Let q be t(-8). What are the prime factors of 8*(-14)/(q/(-1))?
2, 7
Suppose 2*p + l = -10366 + 50991, -4*l + 60945 = 3*p. What are the prime factors of p?
19, 1069
Suppose -4410901 = -345*b + 10476377 + 8027967. What are the prime factors of b?
127, 523
List the prime factors of 1624/87 + -19 + 1/((-3)/(-20251)).
2, 3, 5
Suppose 573702 + 2523241 = 196*k - 493777. List the prime factors of k.
2, 5, 229
Let s(f) = 2*f**2 - 39*f + 25. Suppose 6*h - 3*h = -3*p + 60, 0 = -2*p + 2. Let c be s(h). Suppose 142 = 8*j - c*j. What are the prime factors of j?
71
Let p = 139 + -155. List the prime factors of -892*(10*4/p - -2).
2, 223
Let z(s) = 2*s + 44. Let d be z(-2). Suppose -3*p - 3*m - d = -2194, -4*p + 5*m = -2881. List the prime factors of p.
719
Let w be -3*(12/48 - (-8378)/24). List the prime factors of (-16 + w)*(4 + -3)*-1.
2, 7, 19
Let m(v) be the third derivative of 0 - 2*v**3 + 0*v + 27*v**2 - 11/24*v**4 - 1/120*v**6 + 11/60*v**5. List the prime factors of m(8).
2, 23
Suppose 11578 = 2*c + 4*m, -11*c + m - 11596 = -13*c. List the prime factors of c.
5801
Suppose -11*r + 7*r = 2*s - 846, 0 = 3*r + 3*s - 630. Suppose 1335 + r = 18*t. List the prime factors of t.
2, 43
Suppose 5*d + 380 + 145 = 0. Suppose -50*v + 36 = y - 45*v, v = 5*y + 2. What are the prime factors of (y - 3)/(-2) - d?
2, 53
Suppose -2*w + 10394 = -l, -3*w = -2*l - 6991 - 8599. What are the prime factors of w?
2, 23, 113
Let n = 1102 - -1022. Let m = n - 1441. What are the prime factors of m?
683
List the prime factors of (-1 - (-5596)/(-8))/((85/(-610))/17).
3, 61, 467
Suppose -17*v + 47366 = 4*v - 229015. List the prime factors of v.
3, 41, 107
Suppose 2306288 = 42*v + 230*v. List the prime factors of v.
61, 139
List the prime factors of (-3)/(22 - -2) + (-424683)/(-216).
2, 983
Suppose 448 = p + 27*p. Suppose 0 = 4*x + 5*y - 4191, 13*x - 5*y = p*x - 3137. What are the prime factors of x?
2, 17, 31
Suppose -36*o = -37*o + l + 4976, 3*o = -5*l + 14904. List the prime factors of o.
4973
Let f = 14831 + 2115. What are the prime factors of f?
2, 37, 229
Let g(y) = y**3 + 44*y**2 + 20*y - 589. List the prime factors of g(-32).
11059
Suppose -278*h = -h - 3414579. List the prime factors of h.
3, 7, 587
Let d(f) = 217*f**2 + 16*f + 19. Let j be d(5). Suppose 2*n = 4*r + 2756, 4*n - r = r + j. What are the prime factors of n?
2, 691
Let b = -14 - 33. Let l = b - -44. List the prime factors of ((-121)/(-2) + l)*2.
5, 23
Let m(x) = 17*x. Let b be (-9)/((-27)/78)*2. Let j be b/9 + 14/63. What are the prime factors of m(j)?
2, 3, 17
Let b(x) = -2*x**2 + 6*x + 1. Let o be b(3). Let c be (2 - o) + 5/(-5). Suppose -6*q + 3*q + 348 = c. What are the prime factors of q?
2, 29
Suppose -5*h + 645 = -r + 131, h - 3*r = 100. Let p = -97 + h. List the prime factors of (-1)/(2/p) + 155 + -3.
149
Let x = 47563 - 28077. List the prime factors of x.
2, 9743
Suppose n + 2*q = -n - 18, -3*n + 2*q = 2. What are the prime factors of 10/(-5) + n - -121?
5, 23
Let c(z) = 1150*z**2 + 274*z - 1087. What are the prime factors of c(4)?
41, 449
Suppose 14*v = 15*v - 363. Suppose -20*h + 23*h = v. What are the prime factors of h?
11
List the prime factors of (-3)/12 + ((-457605)/(-36) - -7).
2, 6359
Suppose 259*j = 269*j - 40820. List the prime factors of j.
2, 13, 157
Let k(i) = i**3 + 7*i**2 + 12*i + 7. Let l be k(-5). Let g(u) = -2*u - 9. Let p be g(l). List the prime factors of 2/((-5)/255*p).
2, 17
Let l(y) = 58*y + 1666. What are the prime factors of l(90)?
2, 11, 313
Suppose 39*j - 36*j - 33066 = -2*o, 33066 = 3*j - 3*o. List the prime factors of j.
2, 3, 11, 167
Suppose 442364 = -145*i + 2085649. What are the prime factors of i?
7, 1619
Let h be (2 + (-74)/7)/((-11)/77). Suppose -20 = -5*k - h. Let d(o) = -o**2 - 8*o + 15. List the prime factors of d(k).
3, 5
Suppose -3*b + 4*o - o + 6804 = 0, 5*b + 5*o - 11320 = 0. Let w = b + -1495. List the prime factors of w.
3, 257
Let i(r) = 3*r**2 - 59*r + 24908. List the prime factors of i(0).
2, 13, 479
Let c = -6272 - -18262. What are the prime factors of c?
2, 5, 11, 109
Let n(k) = -50*k + 160. Let j be n(-11). Let x = 1675 - j. What are the prime factors of x?
5, 193
Let l(g) = -40*g**2 + 22*g**2 + 0*g**3 + 2*g**3 - 10*g + 9*g**2 - 9*g**3 - 25. What are the prime factors of l(-5)?
3, 5
Let w = 5852 - 3353. What are the prime factors of ((-133)/(-3))/(119/w)?
7, 19
Let o(q) = 23 - 16*q - 21*q**3 - 23*q**3 + 43*q**3 + 13*q**2. List the prime factors of o(11).
89
Let v(p) = 18*p**3 + 4*p**2 - 10*p + 22. Suppose 2*h = 13*h - 33. List the prime factors of v(h).
2, 257
Suppose 464*k - 23592 = 462*k. Suppose -2*h + k = 10*h. What are the prime factors of h?
983
Suppose 0 = 5*q - 0*x - x - 29, 0 = x + 4. Suppose 1693 = 5*k - g, -q*g + 1029 = 3*k - 10*g. List the prim